st common divisor of 48 and r.
6
Let i = 9408 + -9312. Calculate the highest common factor of i and 1944.
24
Let c be ((520/75)/(2/(-6)))/(138/(-3795)). What is the highest common divisor of c and 5291?
143
Let a(w) = 17*w - 183. Let o be a(11). Suppose -o*t + 3*s + 311 = 0, -3*s = 5*t - 0*s - 409. Calculate the highest common factor of t and 10.
10
Let n be 67/3 - 8/24. Suppose 0 = -4*j + 2*t + 848, 74 = -j - 3*t + 265. What is the greatest common divisor of n and j?
11
Let r(h) = -126*h - 42. Let u be (-22)/(-77) + 36/(-28). Let i be r(u). Calculate the greatest common divisor of 546 and i.
42
Suppose 12*x = -18 + 66. Let n be 42*(70/60 - 2/x). Calculate the greatest common divisor of 154 and n.
14
Let t(k) = 72*k**2 - 1857*k - 88. Let h be t(26). What is the greatest common divisor of h and 23858?
302
Let v be ((-388)/(-1358))/((-1)/(14/(-1))). Suppose 2760 = 16*q + v*q. What is the greatest common factor of 18 and q?
6
Suppose 3*d = 5*p - 2*p, -5*p + 8 = -d. Let a be (-3376)/(-64) + 209/(-76). Calculate the highest common factor of d and a.
2
Let f be 2*((-2)/(-10) - (-648)/60). What is the greatest common divisor of 11198 and f?
22
Suppose z - 180 = -4*p, -36*z + 76 = 2*p - 39*z. Calculate the highest common factor of p and 814.
22
Let y(k) = 381*k + 9549. Let j be y(-25). Calculate the highest common factor of j and 753.
3
Let a = -3 - -6. Let b(t) = 2*t**2 + 2*t + 2. Let f be b(a). Let o = 4708 - 4643. What is the greatest common factor of f and o?
13
Let i = 880 + -512. Suppose -3*t + i = 5. What is the highest common divisor of 33 and t?
11
Let x be (-28)/(-21) - (-40)/24. Let v = 0 - -5. Suppose -x = -q, 3*q = v*l + q - 24. Calculate the greatest common factor of 24 and l.
6
Let n(w) = 666*w**2 - 15*w + 3. Let m be n(1). Let d = m + -646. What is the greatest common divisor of d and 464?
8
Let k be -111*((-169)/(-26))/(3/2). Let u = -281 - k. Suppose -3*q + u = -q. Calculate the highest common factor of q and 25.
25
Suppose 0 = -3*g - 3*x + 2952, 4*g = -6*x + 2980 + 948. What is the highest common divisor of 10 and g?
2
Suppose -31 + 379 = 2*c. Let d = 196 - c. Calculate the greatest common divisor of d and 44.
22
Suppose 4*q = 4*y - 1296, -5*y - 204*q = -208*q - 1612. Calculate the highest common factor of 4819 and y.
79
Suppose -381 = -18*l + 483. Suppose 299 = 3*c + f - l, -3*f + 222 = 2*c. Let t(s) = -s + 7. Let y be t(-6). What is the greatest common factor of c and y?
13
Let x(q) = 338*q**2 + 84*q - 6. Let z be x(-2). What is the highest common divisor of 2666 and z?
62
Let x be (-87 + -5)*(-3)/12. Let b = -27 + x. Let y(a) = -2*a**3 + 2*a**2 + 3*a + 2. Let o be y(b). Calculate the greatest common divisor of o and 30.
30
Let m = -2408 + 2540. Calculate the greatest common divisor of 957 and m.
33
Let y(q) = 49*q - 1. Let n be y(1). Let g(c) = -236*c + 10600. Let w be g(44). Calculate the greatest common factor of n and w.
24
Let t be (4810/740)/((-1)/(-17)) - 10/(-4). Calculate the highest common factor of t and 6441.
113
Let p be (-6)/15 + 854/10 + 5. Suppose 5*v + p = 5*g, -v = 2*g - 6*v - 30. What is the highest common divisor of 240 and g?
20
Let y be 1/(-2) - (-68)/8. Let a be (18/(-36))/((-514)/256 + 2). Calculate the greatest common divisor of a and y.
8
Suppose 185 = s + 5*x, 5*x - 370 = -2*s + 7*x. What is the highest common divisor of s and 15?
5
Let k = 45208 - 45204. Let a be (0 - -48)*3/4. Calculate the highest common factor of a and k.
4
Suppose -2681*n + 2685*n = 96. What is the highest common divisor of n and 1464?
24
Suppose -5*x - 194 = -d, -3*x - 60 = -4*d + 53. Let k = x - -50. Suppose 2*s - k = -h, 3*h + 0*s - 4*s - 3 = 0. What is the highest common factor of h and 35?
5
Suppose 0 = 18*i + 2*i. Let t(f) be the first derivative of f**2 + 56*f - 1. Let r be t(i). Calculate the highest common divisor of r and 14.
14
Suppose 0*h - 2*x - 347 = -3*h, 4*h + 2*x = 486. Suppose 0*j + 2*j = 6, -b = j - h. Let a = b + -92. Calculate the greatest common divisor of a and 56.
8
Let b be (-19088)/(-20) - (-2)/(-5). Suppose 0*m + 2*r + b = 3*m, r = -5*m + 1603. Calculate the greatest common factor of m and 10.
10
Let r = 491 + -505. Let q be (-39)/(-91) - 134/r. Calculate the greatest common divisor of q and 110.
10
Let t be (-2 - (6/4)/((-9)/30)) + 54. Calculate the greatest common factor of t and 2793.
57
Suppose 4*a - 52 = -196. Let s = 58 + a. What is the highest common factor of 176 and s?
22
Let b be 29 + 1/2*-2. Let a = -834 + 925. Calculate the highest common factor of a and b.
7
Let x = -286 + 366. Let z be x + -7 + 8 - -4. What is the highest common factor of z and 51?
17
Let v = 2995 - 2971. What is the highest common divisor of 810 and v?
6
Suppose h + 2*p = -p + 2006, 2*p + 2 = 0. What is the greatest common factor of 49 and h?
49
Suppose 17*v + 5*v - 33966 = -29*v. What is the highest common factor of 1406 and v?
74
Suppose 5*q = -2*o + 7, -3*q + 129 - 122 = 4*o. Calculate the greatest common divisor of 328 and o.
1
Suppose -5*x - 4*k = -5, 2*x - 6*x + 4*k + 40 = 0. Suppose 238 = x*u + 2*h - 17, -u - 3*h + 51 = 0. What is the highest common divisor of u and 3?
3
Let f = 181110 - 181105. Let g be (-1156)/(-8) + 1/2. What is the highest common factor of f and g?
5
Let q be 1248/(-468)*198/(-8). Calculate the highest common factor of q and 10.
2
Let p(s) = 9*s - 9. Let r(c) = -c. Let h(y) = 3*p(y) + 24*r(y). Let u be h(12). Suppose u*a - 29 = 853. Calculate the greatest common divisor of 14 and a.
14
Let p = -2072 + 2565. What is the greatest common divisor of 29 and p?
29
Suppose -3*c = -9*c - 1122. Let p = -180 - c. What is the highest common factor of 301 and p?
7
Let j be (663/34)/(((-2)/(-20))/((-4)/(-30))). Calculate the highest common factor of 481 and j.
13
Let v be -249*(39 + -41 + 1/(-3)). Let i = 613 - v. What is the highest common factor of 8 and i?
8
Let f(u) = 13*u**2 + 588*u + 4054. Let i be f(-7). What is the greatest common divisor of i and 425?
25
Let c(r) = 18*r - 192. Let x be c(-8). Let n = x - -417. Let k be (-58)/(-6) - (-2)/(-3). Calculate the greatest common divisor of k and n.
9
Let o(k) = -105*k - 13600. Let v be o(-132). Calculate the greatest common factor of v and 1742.
26
Let u = 17563 + -17519. What is the greatest common factor of 16478 and u?
22
Suppose -9450 = 52*o - 262*o. Calculate the highest common factor of o and 1485.
45
Let y(d) = -12*d**3 - 2*d**2 + 9*d + 9. Let i be y(-1). Suppose 104 = 3*z - 4*l - 282, 2*l = 2. Calculate the greatest common divisor of z and i.
10
Suppose 4*k - 4 = 8. Let m be (0 - -24) + k + -9. Let w be 2/(-14)*-6*14. Calculate the greatest common factor of w and m.
6
Let l be (1 - 8/24*-579) + 2. Calculate the highest common divisor of 60 and l.
4
Suppose 0 = -25*d - 23*d - 29712. Let l = 641 + d. What is the highest common divisor of 187 and l?
11
Let o be (7/(35/(-282)))/((-63)/210). Calculate the highest common factor of 893 and o.
47
Let v = 169 + -174. Let f(p) = -8*p + 24. Let z be f(v). Calculate the highest common factor of z and 128.
64
Suppose 14*x - 237 = 365. Suppose 0 = 4*p + v + 116, 3*p - 4*v + 96 = -p. Let m = p + x. Calculate the greatest common divisor of 120 and m.
15
Suppose -g = -3*z + 2229, -4*z + 2521 = -4*g - 459. What is the greatest common factor of 70 and z?
14
Let s be (4 + -4 + -1)*-187. Let z be -86 - -5*(-4)/5. Let w = z + 107. Calculate the highest common divisor of s and w.
17
Let x be (-11 + 4 + -3 + 6)/(1/(-48)). Calculate the highest common divisor of 1896 and x.
24
Let v be (203/2 + -1)*32/48. Let s be v + 280/28*2/(-5). What is the greatest common factor of 21 and s?
21
Suppose t = 3*w + 45, 0 = -4*t + 5*w - 2*w + 198. Let p = 141 - 5. What is the highest common factor of p and t?
17
Suppose 625*j + 1265*j - 10284 = 8616. Suppose -3*g + 246 + 264 = 0. Calculate the highest common factor of j and g.
10
Let u be 6012/(-4)*(-4 + 7)/9. Let c = 75 - u. What is the highest common factor of 72 and c?
72
Suppose -28 = -2*u + 4*x + 6, 5*x = -2*u - 11. Let t = u + 123. Calculate the greatest common divisor of t and 30.
10
Suppose -4*a - 2*k + 127 = -7*k, -3*a + 87 = -k. Let p(s) = -s**3 - 58*s**2 - 116*s - 168. Let h be p(-56). Calculate the highest common factor of h and a.
28
Suppose -4*d + 3*v = -246 - 0, 0 = -4*d